, 3, 5
Let u = 4 - 9. Let q = 17 + u. Let p = q - -11. What are the prime factors of p?
23
Let h = 22 + 781. What are the prime factors of h?
11, 73
Let o = -27 + 54. Suppose 0 = -4*s + 16, 3*j + 4*s - o = -77. Let z = j + 57. List the prime factors of z.
5, 7
Let q(j) = -j - 1. Let m be q(-11). Suppose -4*h - 2 + m = 0. Let w(f) = 2*f**2 + f - 1. What are the prime factors of w(h)?
3
Let x(s) = s + 20. Suppose 0 = -2*g - i + 2*i - 14, -g - i - 1 = 0. What are the prime factors of x(g)?
3, 5
Suppose 0 = -2*h + 19 - 15. Suppose h*j - 193 = -25. List the prime factors of j.
2, 3, 7
List the prime factors of 45*(-9)/54*7146/(-15).
3, 397
Let n = -22 - -12. Let y(s) be the third derivative of s**5/60 + 5*s**4/12 + 2*s**3 + s**2. List the prime factors of y(n).
2, 3
Suppose 0 = -2*b + 3*u + 989 + 1120, 3*b - 2*u - 3171 = 0. What are the prime factors of b?
3, 353
Let y = 11 + -20. Let w(o) = -o - 5. Let b be w(y). What are the prime factors of (b/6)/((-12)/(-270))?
3, 5
Let b be (-2 - 12/(-9))*735. What are the prime factors of ((-60)/(-14))/((-14)/b)?
2, 3, 5
Suppose 76 = 8*f - 10*f. Let i = f - -85. What are the prime factors of i?
47
Suppose -46*t = -43*t - 27. List the prime factors of t/2*(-94)/(-3).
3, 47
Let k(u) = 18*u - 1. Let w(y) = -91*y + 6. Let r(i) = -11*k(i) - 2*w(i). Let h be r(-3). Suppose h = -4*g + 115. List the prime factors of g.
17
Let z be 455/3 + (-5)/(-15) + -4. What are the prime factors of (4 + 0)/(-4) + z?
3, 7
Let i(v) = -3*v**2 - 20*v - 5. Let n be i(-11). Let u = -100 - n. List the prime factors of u.
2, 3
Suppose 4*o - 103 = 5*f, -2*o - 3*f = f - 32. Suppose -3*w = -5*w - o. Let t = 8 - w. What are the prime factors of t?
19
Let q = -3 - -5. Let u(o) = o - o**q - 5*o + 6 + 9*o. What are the prime factors of u(5)?
2, 3
Let k be 1 - (105/(-2))/(-7)*-2. Let u = 13 + -7. Suppose r - k = -2*d, u*d - 26 = d + r. What are the prime factors of d?
2, 3
Suppose 0 = h - 2*h - 24. Let u = h + -2. List the prime factors of 6/21 + u/(-7).
2
Let o(j) = -j**2 + 8*j - 6. Suppose 4*g - 2*g = 2*n - 16, 3*g = -2*n - 4. What are the prime factors of o(n)?
2, 5
Let r = -4 - -7. Let h(v) = r*v**3 - 40 + 2*v**2 + 2*v - v**2 + 39. List the prime factors of h(2).
31
Let n be (849 - (1 - 2)) + 0. Suppose -4*l + 9*l = -n. List the prime factors of (4/5)/((-4)/l).
2, 17
Suppose -2*f = 2*f. Suppose 2*o - 2*z - 196 = f, 4*z + 11 + 81 = o. What are the prime factors of o?
2, 5
Let d = 3157 - 1122. What are the prime factors of d?
5, 11, 37
Let g(a) = 4*a**2 - 34*a + 19. What are the prime factors of g(13)?
11, 23
Suppose 0 = 2*b - 13 + 7. Let t(z) = 3*z**3 - 4*z**2 + 2*z - 4. Let i be t(b). Suppose 0 = -g + i - 7. What are the prime factors of g?
2, 5
Let n be (-5)/10 - 2890/(-4). Suppose -5*b - 3*f + n = 0, 264 = 6*b - 4*b - 5*f. What are the prime factors of b?
2, 71
Suppose 8*n - 120 = 2*n. Suppose -9*j + 4*j = n. List the prime factors of ((-142)/j)/(13/26).
71
Suppose 537 = 2*l - x, 5*l - 2*x = -3*x + 1332. List the prime factors of l.
3, 89
Let u(d) = -d**3 + 12*d**2 - d - 22. What are the prime factors of u(10)?
2, 3, 7
Let s = -22 - -37. Let j(m) = m**2 - 15*m - 2. Let w be j(s). Let q = 34 - w. List the prime factors of q.
2, 3
List the prime factors of (-18)/12*12508/(-6).
53, 59
Suppose 0 = 2*g - 3*s - 6, 3*g = -0*g - 5*s - 29. Suppose -3*w = -2*t - 10, 2*t - 6*t = -w. List the prime factors of -27*1/g*t.
3
Suppose -5*o - 5 = -30, 2*n - 25 = -5*o. Let g(w) = -8*w - 29. Let d be g(-11). Suppose -d = -4*b + c, 3*b - 2*c + 8 - 46 = n. List the prime factors of b.
2
Suppose -m - 17 = -2*i, i + 2 = -2*m - m. Let x = 3 + i. What are the prime factors of x?
2, 5
Suppose 2431 = 5*n + 2*y, -9*n + 7*n + 4*y = -958. List the prime factors of n.
5, 97
Let f(t) = 5*t**2 - 4*t + 3. Let y be f(3). Suppose l - y = -1. List the prime factors of l.
5, 7
Let i(w) be the third derivative of 27*w**4/8 - w**3/3 + 36*w**2. List the prime factors of i(1).
79
Let o = -3186 - -4508. What are the prime factors of o?
2, 661
Suppose 0 = 6*l - 1009 - 257. Suppose 5*v - 294 = l. List the prime factors of v.
101
Suppose 1 = i - 1. Suppose -28 = -6*r - r. Suppose -2*j + 16 = s + j, -r*j - 62 = -i*s. What are the prime factors of s?
5
Suppose 60*t - 9*t = 246636. What are the prime factors of t?
2, 3, 13, 31
Let g = -43 - -316. Suppose 2*v + 3*w = g, 0*w + 3*w - 408 = -3*v. List the prime factors of v.
3, 5
Suppose -21*l = -l + 120. Let h(r) = -6*r - 27. What are the prime factors of h(l)?
3
Suppose -3*w + 3*y + 6 = 0, -4*w - y = -0*w + 12. Let b = 7 + w. List the prime factors of b.
5
Let a(s) = s**2 + s - 15. Let d(l) = -l**2 - l + 14. Let b(p) = 2*a(p) + 3*d(p). Let i be b(-6). Let t = i - -25. What are the prime factors of t?
7
Suppose -t + 5*c - 3259 = -3*t, -8161 = -5*t + c. List the prime factors of t.
2, 3, 17
Let n(v) = v + 15. Let h be 7/(-7)*0/(-2). Suppose h = 5*i + 33 + 27. What are the prime factors of n(i)?
3
Suppose 0 = 12*n - 7*n + 5. List the prime factors of (-32)/(n - 5/(-15)).
2, 3
Let v = -5 + 7. Suppose v*d + 1020 = 5*h, 0 = 2*h + 7*d - 3*d - 408. What are the prime factors of h?
2, 3, 17
Suppose 1052 + 1615 = 7*f. What are the prime factors of f?
3, 127
Let d(k) be the first derivative of -k**2/2 + 8*k - 5. Suppose 4 + 20 = -6*b. What are the prime factors of d(b)?
2, 3
Let z = 3 + 0. Let v = 15 + -10. Suppose -v*j = -z*j - 18. What are the prime factors of j?
3
Let t(f) = 27*f + 5. Let p(w) = 2*w + 11. Let i be p(-4). What are the prime factors of t(i)?
2, 43
Let o be -2 + 30/(-8)*-4. Suppose -j + o = -11. List the prime factors of j.
2, 3
Let k = -914 + 3356. List the prime factors of k.
2, 3, 11, 37
Let v be 6 + -3 + 0 + 48. Let w be ((-16)/(-4))/(6/v). Let s = w + -24. List the prime factors of s.
2, 5
Let q = 30 - 30. Suppose q = -17*n + 13*n + 360. What are the prime factors of n?
2, 3, 5
Let o = -94 - -203. Let d = o + -65. What are the prime factors of d?
2, 11
Suppose 0 = -5*q + 2*b + 9, -b = 2*q + 4*b - 21. Suppose -q*m + 116 = 17. List the prime factors of m.
3, 11
Suppose 3*y - 24 - 45 = 0. Let i = y + -7. Suppose -i*j - 27 = -17*j. List the prime factors of j.
3
Suppose h - 24 = 12. Suppose -2*p = -7*p + 3*u + 294, -2*u - 176 = -3*p. Let x = p - h. List the prime factors of x.
2, 3
Let l(o) be the first derivative of o**3/3 + o - 4. Let c be l(-1). Suppose -w + 16 - c = 0. List the prime factors of w.
2, 7
Suppose 4 = -8*l + 28. Suppose -u - 46 = -2*s + 172, -l*s + 4*u + 332 = 0. List the prime factors of s.
2, 3
Let g(s) be the first derivative of -s**2/2 + 6*s - 8. Let b be g(4). Suppose 0 = -0*n - b*n + 44. What are the prime factors of n?
2, 11
Suppose 3*z = -6, -5*z = o - 2*z + 3. Let s(m) be the second derivative of m**5/10 - m**4/6 - m**3/2 + m**2/2 + 22*m - 2. What are the prime factors of s(o)?
2, 7
Let j be -2 - ((-882)/(-3) - 2). Let v be 4/(-22) + j/77. What are the prime factors of v/((-12)/(-9)) + 19?
2
Let u = -12 + 12. Suppose u = -0*l + 4*l - 92. List the prime factors of l.
23
Suppose 12*i = 13*i - 3. Suppose 4*h + 11 = -3*k, -4*k + 0*h - i*h = 3. Suppose 4*j = 3*u + 119 + 40, 2*j - 57 = -k*u. What are the prime factors of j?
2, 3
Let w(h) be the second derivative of h**5/20 + 5*h**4/12 - 7*h**3/6 - 2*h**2 + 3*h. Let y be w(-6). What are the prime factors of 211/11 - y/11?
19
Let n(f) be the third derivative of f**5/60 + 7*f**4/12 - 9*f**3/2 - 38*f**2. What are the prime factors of n(-18)?
3, 5
Suppose 0 = 4*r - 15 - 29. Let a = 38 - r. List the prime factors of a.
3
Let f = -116 - -88. Let p = f - -95. List the prime factors of p.
67
Suppose 4*o + 3*p - 4*p = 1, -8 = o - 3*p. What are the prime factors of (o/(-3))/((-7878)/(-1314) + -6)?
73
Let z be (2/4)/(12/72). Suppose -z*l + 320 = -2*h + 45, h = -3*l + 281. What are the prime factors of l?
3, 31
Let w(f) = 182*f**2 - 3*f + 2. Suppose 7 = 4*s + 3. Let a be w(s). Suppose -4*y + a = -47. List the prime factors of y.
3, 19
Let c(s) = -4*s + 2. Let l be c(-3). Suppose -u + 3*u - l = 0. Let m(y) = -y**3 + 6*y**2 + 11*y - 17. List the prime factors of m(u).
11
Suppose -6*k - 2930 = -11*k + 5*f, 2*f = k - 586. List the prime factors of k.
2, 293
Let o(u) = -u**3 - 4*u**2 + 8*u + 7. Let g be o(-6). Let z = g - -16. What are the prime factors of z?
47
What are the pr